hat is -20212 + -10?
-20222
In base 6, what is 434 + -4?
430
In base 7, what is -1 - -6613?
6612
In base 4, what is 0 + -2202?
-2202
In base 13, what is -13a + 2?
-138
In base 10, what is -3441 - 3?
-3444
In base 8, what is 232 - -1?
233
In base 6, what is 1513 - 24?
1445
In base 8, what is 5 + -3475?
-3470
In base 16, what is 5ac + -3?
5a9
In base 16, what is -109b - 3?
-109e
In base 13, what is -2 - 2b1?
-2b3
In base 5, what is -3334 + -10?
-3344
In base 11, what is 0 - -87?
87
In base 12, what is 633 - 3?
630
In base 8, what is 713 - -5?
720
In base 6, what is -30 + -42?
-112
In base 3, what is 12020 - 122?
11121
In base 16, what is -5 + -31a?
-31f
In base 9, what is 10127 + -4?
10123
In base 5, what is 10 - -314?
324
In base 4, what is -12 - -23?
11
In base 7, what is -164 + -4?
-201
In base 10, what is 33 - 22?
11
In base 10, what is 5 - 110?
-105
In base 15, what is 115 + -3?
112
In base 11, what is 4 - -259?
262
In base 11, what is 5 - -485?
48a
In base 8, what is 1 - -3116?
3117
In base 3, what is -201202 - 10?
-201212
In base 16, what is -1cf - -d?
-1c2
In base 11, what is a73 - 2?
a71
In base 5, what is -14 + 142?
123
In base 9, what is 1883 + 2?
1885
In base 9, what is 3 - -45?
48
In base 2, what is 101000011001 - 1?
101000011000
In base 7, what is -122 - -5?
-114
In base 5, what is 10412 - -2?
10414
In base 11, what is a87 - -1a?
aa6
In base 7, what is 2155 - -4?
2162
In base 8, what is 2 - 33?
-31
In base 13, what is 1a81 + -5?
1a79
In base 14, what is 3c - -2d?
6b
In base 9, what is -1 - -14?
13
In base 10, what is -5 - -162?
157
In base 3, what is 0 + -22102?
-22102
In base 5, what is 12 + 122?
134
In base 8, what is -463 + 4?
-457
In base 6, what is 13 - -1100?
1113
In base 4, what is 32 + -231?
-133
In base 14, what is 1325a - -2?
1325c
In base 14, what is 5 - -12?
17
In base 6, what is -10 - 1031?
-1041
In base 9, what is -366 - -16?
-350
In base 8, what is 11 + 4?
15
In base 13, what is 1 - -33c?
340
In base 4, what is -2030 - -201?
-1223
In base 13, what is -b1a5 + 0?
-b1a5
In base 6, what is 114533 + 1?
114534
In base 9, what is 8 + -21?
-12
In base 13, what is ca - 2?
c8
In base 3, what is -12 - -220010?
212221
In base 6, what is -44 + -333?
-421
In base 14, what is 3 - -60a?
60d
In base 11, what is -9 + 9a?
91
In base 5, what is -4 - 1200?
-1204
In base 16, what is -4 + 328?
324
In base 3, what is 11 + 121021?
121102
In base 4, what is -11 - -211231?
211220
In base 13, what is -36 + -3?
-39
In base 16, what is 14 + 4?
18
In base 10, what is -3 - -4?
1
In base 4, what is -2 + 101013?
101011
In base 5, what is 32 + -100?
-13
In base 4, what is 2 + 311113?
311121
In base 16, what is -5 - -36?
31
In base 5, what is -2 - 102122?
-102124
In base 4, what is 0 + 11132?
11132
In base 3, what is -1 + -11002?
-11010
In base 15, what is 4a - -3?
4d
In base 13, what is -503b + -4?
-5042
In base 13, what is -1 + 3b?
3a
In base 12, what is 552 - 8?
546
In base 15, what is -8e02 - -5?
-8dec
In base 3, what is -11 + 221?
210
In base 8, what is 5 + -224?
-217
In base 11, what is 1889 - 4?
1885
In base 4, what is -23 - 23?
-112
In base 7, what is -2 + -3655?
-3660
In base 4, what is 110 - -12?
122
In base 7, what is 1 - -46?
50
In base 8, what is 27 - -13?
42
In base 14, what is 3639 + -1?
3638
In base 7, what is 4 - -140?
144
In base 15, what is -4 + a?
6
In base 3, what is -2 + -111202?
-111211
In base 13, what is 1042 - 0?
1042
In base 7, what is -212 - 1?
-213
In base 14, what is 2 - 33?
-31
In base 9, what is 0 - -442?
442
In base 7, what is 5 + 1026?
1034
In base 2, what is -1 - -10100000001?
10100000000
In base 9, what is 16 + -11?
5
In base 6, what is -2 + -110?
-112
In base 8, what is 13 - 200?
-165
In base 6, what is 52 + -42?
10
In base 3, what is 121 - 200010?
-122112
In base 8, what is -613 - 6?
-621
In base 6, what is -30 - 10?
-40
In base 10, what is -321 - -3?
-318
In base 5, what is 21 + 3?
24
In base 10, what is -46924 - -1?
-46923
In base 16, what is -4ee - -1?
-4ed
In base 3, what is -120 + 112?
-1
In base 8, what is 133 + -1?
132
In base 9, what is -462 + 1?
-461
In base 2, what is -11010 - 1000?
-100010
In base 6, what is -22 + -22?
-44
In base 12, what is 191 + 1?
192
In base 2, what is -1000111111 + 1?
-1000111110
In base 13, what is 5 - 5a?
-55
In base 14, what is 46 + 70?
b6
In base 11, what is 17 - 192?
-176
In base 10, what is -7 - 41?
-48
In base 5, what is 3442 - -3?
4000
In base 16, what is 89 + 1?
8a
In base 2, what is -110 + 1110?
1000
In base 16, what is 299 + -4?
295
In base 13, what is 2 - 245?
-243
In base 4, what is -100233 + 10?
-100223
In base 3, what is 11101 + -222?
10102
In base 2, what is 1001111010 + 101?
1001111111
In base 15, what is 5 - -48?
4d
In base 8, what is 43 - 17?
24
In base 3, what is -110111 + 0?
-110111
In base 14, what is -6b0 - -4?
-6aa
In base 16, what is -5 + 4?
-1
In base 3, what is -21021001 + -10?
-21021011
In base 6, what is -25104 + 2?
-25102
In base 15, what is -3 - -52?
4e
In base 3, what is 220 + -20?
200
In base 9, what is -3 + -353?
-356
In base 13, what is 3b9 + 3?
3bc
In base 9, what is 3638 + -5?
3633
In base 2, what is 1101 + -1001001?
-111100
In base 11, what is 4 - -311?
315
In base 3, what is 102220 - -100?
110020
In base 15, what is 1 - 116?
-115
In base 10, what is 4 - 2123?
-2119
In base 8, what is 34 + -25?
7
In base 16, what is -9 - 2?
-b
In base 4, what is -30111 - 10?
-30121
In base 15, what is 2 - 33?
-31
In base 10, what is -3966 + -3?
-3969
In base 12, what is -1050 - 2?
-1052
In base 7, what is -1642 - 4?
-1646
In base 5, what is 20 + -4303?
-4233
In base 15, what is 1 + a?
b
In base 14, what is -2 - 1c?
-20
In base 15, what is 364e + 4?
3653
In base 15, what is 2 - 6?
-4
In base 15, what is -27b1 - -2?
-27ae
In base 6, what is -30 + -11?
-41
In base 15, what is -1499 + 0?
-1499
In base 15, what is 20e - 4?
20a
In base 10, what is -2 + -17?
-19
In base 7, what is 0 + -312?
-312
In base 12, what is -4 + -129?
-131
In base 13, what is -243 - -3?
-240
In base 7, what is 0 + 10?
10
In base 14, what is 18d + 4?
193
In base 3, what is 0 - 21121?
-21121
In base 10, what is -4 + 605?
601
In base 7, what is 1 - -661?
662
In base 8, what is 2 - -105?
107
In base 15, what is 4 + -4c?
-48
In base 2, what is -10001 + -1?
-10010
In base 6, what is 42 + -112?
-30
In base 15, what is -50 + -1?
-51
In base 11, what is -a - -16?
7
In base 12, what is 3 - -5b?
62
In base 3, what is -11 - -12220?
12202
In base 3, what is -22222 - 12?
-100011
In base 12, what is -7a - 3?
-81
In base 15, what is 1161 + -4?
115c
In base 12, what is -73 + 24?
-4b
In base 8, what is -245 + -2?
-247
In base 5, what is -23 - -214?
141
In base 2, what is -1111000000 - -1?
-1110111111
In base 4, what is -10010 + -130?
-10200
In base 13, what is 4 - 13a1?
-139a
In base 9, what is 3 - 2083?
-2080
In base 12, what is -1 - -37?
36
In base 15, what is -1 + b3?
b2
In base 7, what is -45 + -5?
-53
In base 11, what is 155 - -3?
158
In base 14, what is -5 + -1552?
-1557
In base 9, what is 16 + 16?
33
In base 3, what is -21122 - -100?
-21022
In base 6, what is -5 - -33?
24
In base 6, what is 33 - -131?
204
In base 2, what is -1 + -100011001?
-100011010
In base 9, what is 720 - 1?
718
In base 7, what is 52 + -2010?
-1625
In base 12, what is 1 + 65?
66
In base 2, what is -1100000 - 1011111?
-10111111
In base 6, what is -12412 + -12?
-12424
In base 4, what is 1 - -122?
123
In base 4, what is 1 - 1000?
-333
In base 2, what is 111110 + 1110?
1001100
In base 5, what is 4 - 20433?
-20424
In base 6, what is -5 - 14250?
-14255
In base 16, what is -25af - 4?
-25b3
In base 14, what is -241 - -9?
-236
In base 13, what is -a9 + 9?
-a0
In base 7, what is 4 + -220?
-213
In base 15, what is 50a - 0?
50a
In base 3, what is 10022212 - -2?
10022221
In base 15, what is 7 + -137?
-130
In base 7, what is -5 + -613?
-621
In base 4, what is 101 - -32?
133
In base 4, what is 2032 - -3?
2101
In base 13, what is -240 + 4a?
-1c3
In base 4, what is -233023 - -11?
-233012
In base 12, what is -1868 + -1?
-1869
In base 13, what is -47 + 60?
16
In base 15, what is -3d + 4?
-39
In base 8, what is 27 + 6?
35
In base 8, what is -22 + 2024?
2002
In base 2, what is 10000011110101 - 10?
10000011110011
In base 6, what is 2500 - 4?
2452
In 